{"id":136,"date":"2021-11-03T08:54:56","date_gmt":"2021-11-03T08:54:56","guid":{"rendered":"https:\/\/www.rozwojlokalny.pl\/?page_id=136"},"modified":"2021-11-03T11:15:12","modified_gmt":"2021-11-03T11:15:12","slug":"polityka-prywatnosci","status":"publish","type":"page","link":"https:\/\/www.rozwojlokalny.pl\/?page_id=136","title":{"rendered":"Polityka prywatno\u015bci"},"content":{"rendered":"<p>Fundacja Centrum Rozwoju Lokalnego za wa\u017cn\u0105 warto\u015b\u0107 uznaje relacje z partnerami i go\u015b\u0107mi serwisu internetowego.<\/p>\n<p>Naszym celem jest odpowiedzialne u\u017cywanie informacji, kt\u00f3rymi dysponujemy. Bardzo powa\u017cnie traktujemy prywatno\u015b\u0107 naszych klient\u00f3w &#8211; chcemy, aby czuli si\u0119 pewnie, odwiedzaj\u0105c nasz serwis internetowy albo korzystaj\u0105c z naszych us\u0142ug lub ofert.<\/p>\n<p>Na naszej stronie internetowej mo\u017cna znale\u017a\u0107 r\u00f3\u017cne us\u0142ugi i oferty, jednak we wszystkich przypadkach stosujemy podobn\u0105 polityk\u0119 prywatno\u015bci. Dlatego przygotowali\u015bmy za\u0142o\u017cenia dotycz\u0105ce prywatno\u015bci online &#8211; opisuj\u0105 one og\u00f3lne podej\u015bcie Fundacji do prywatno\u015bci oraz post\u0119powanie w tej kwestii stosowane na naszej stronie internetowej.<\/p>\n<p>Dbamy o to, aby Twoje informacje przechowywane w naszych bazach danych nie zosta\u0142y uszkodzone ani zniszczone, oraz aby powierzona nam korespondencja nie zosta\u0142a przechwycona przez osoby postronne.<\/p>\n<p>&nbsp;<\/p>\n<p><strong>PRZECHOWYWANIE I OCHRONA DANYCH <\/strong><br \/>\nDane osobowe przechowujemy i przetwarzamy w spos\u00f3b zgodny z zakresem udzielonego przez u\u017cytkownika zezwolenia oraz w zgodzie z przepisami ustawy o ochronie danych osobowych z dnia 29 sierpnia 1997 r. (Dz. U. Nr 133, poz.833 z poz. zm.) oraz prawem Unii Europejskiej. Zebrane dane osobowe tworz\u0105 zbi\u00f3r i przechowywane s\u0105 na serwerze Fundacji. Dost\u0119p do niego posiada jedynie niewielka liczba uprawnionych administrator\u00f3w Fundacji.<\/p>\n<p>Zbieramy informacj\u0119 o odwiedzaj\u0105cych serwis. Dobrowolnie wpisany na naszych stronach adres e-mail, imi\u0119, nazwisko wykorzystujemy wy\u0142\u0105cznie do udzielenia odpowiedzi. Przetwarzanie danych odbywa si\u0119 na podstawie art.23 ust.1 pkt 3 Ustawy o Ochronie Danych Osobowych. W \u017cadnym z powy\u017cszych przypadk\u00f3w dane nie s\u0105 przekazywane ani udost\u0119pniane osobom trzecim.<\/p>\n<p>&nbsp;<\/p>\n<p><strong>NIEPO\u017b\u0104DANE TRE\u015aCI <\/strong><br \/>\nW naszym serwisie nie ma miejsca na tre\u015bci, kt\u00f3re s\u0105 sprzeczne z prawem polskim i mi\u0119dzynarodowym, nawo\u0142uj\u0105ce do segregacji rasowej, wyznaniowej czy etnicznej. W serwisie nie znajdziesz tak\u017ce pornografii, tre\u015bci nieetycznych czy uznawanych za niemoralne.<\/p>\n<p>&nbsp;<\/p>\n<p><strong>LINKI DO INNYCH STRON WWW <\/strong><br \/>\nNa stronach serwisu umieszczamy linki umo\u017cliwiaj\u0105ce u\u017cytkownikom bezpo\u015brednie przej\u015bcia na inne strony internetowe. Nie odpowiadamy jednak za polityk\u0119 ochrony prywatno\u015bci stosowan\u0105 przez w\u0142a\u015bcicieli tych stron ani za tre\u015b\u0107 informacji tam zawartych.<\/p>\n<p>&nbsp;<\/p>\n<p><strong>PRAWA AUTORSKIE <\/strong><\/p>\n<p>Fundacja Centrum Rozwoju Lokalnego oferuj\u0105c U\u017cytkownikom dost\u0119p do informacji, materia\u0142\u00f3w, publikacji i prezentacji rozpowszechnianych za po\u015brednictwem serwisu zwraca szczeg\u00f3ln\u0105 uwag\u0119 na konieczno\u015b\u0107 respektowania praw w\u0142asno\u015bci intelektualnej.<\/p>\n<p>Fundacja informuje, \u017ce jej serwis <strong><a href=\"file:\/\/\/I:\/BIURO%20-%202021\/FCRL%20-%20od%202009\/Kopia\/rozwojlokalny\/www.rozwojlokalny.pl\/index.html\">www.rozwojlokalny.pl<\/a> <\/strong>zawiera dokumenty chronione prawem autorskim, znaki towarowe i inne oryginalne materia\u0142y, w szczeg\u00f3lno\u015bci teksty, zdj\u0119cia, dokumenty, rysunki, a przyj\u0119ty w serwisie wyb\u00f3r i uk\u0142ad prezentowanych w nim tre\u015bci stanowi samoistny przedmiot ochrony w\u0142asno\u015bci intelektualnej (praw autorskich).<\/p>\n<p>Korzystanie z utwor\u00f3w, informacji, danych umieszczonych na serwisie <strong><a href=\"file:\/\/\/I:\/BIURO%20-%202021\/FCRL%20-%20od%202009\/Kopia\/rozwojlokalny\/www.rozwojlokalny.pl\/index.html\">www.rozwojlokalny.pl<\/a><\/strong> nie oznacza dla u\u017cytkownik\u00f3w nabycia do nich jakichkolwiek praw. U\u017cytkownik mo\u017ce korzysta\u0107 z tych utwor\u00f3w jedynie w zakresie dozwolonym przepisami ustawy z dnia 4 lutego 1994 r. o prawie autorskim i prawach pokrewnych (Dz. U. Nr 24, poz. 83 z p\u00f3\u017an. zm.).<\/p>\n<p>Informacje zamieszczone na stronie <strong><a href=\"file:\/\/\/I:\/BIURO%20-%202021\/FCRL%20-%20od%202009\/Kopia\/rozwojlokalny\/www.rozwojlokalny.pl\/index.html\">www.rozwojlokalny.pl<\/a><\/strong> s\u0105 w\u0142asno\u015bci\u0105 tylko prawowitych autor\u00f3w, a w\u0142a\u015bciciele serwisu nie ponosz\u0105 \u017cadnej odpowiedzialno\u015bci z tytu\u0142u wyrz\u0105dzonych szk\u00f3d b\u0119d\u0105cych rezultatem korzystania z serwisu <strong><a href=\"file:\/\/\/I:\/BIURO%20-%202021\/FCRL%20-%20od%202009\/Kopia\/rozwojlokalny\/www.rozwojlokalny.pl\/index.html\">www.rozwojlokalny.pl<\/a><\/strong>. Wszystkie teksty, wypowiedzi, dokumenty, rysunki i fotografie w tym serwisie obj\u0119te s\u0105 prawami autorskimi ich autor\u00f3w.<\/p>\n<p>W szczeg\u00f3lno\u015bci, poza okre\u015blonymi w tych przepisach przypadkami, zabronione jest kopiowanie utwor\u00f3w lub ich cz\u0119\u015bci, a tak\u017ce ich udost\u0119pnianie publicznie poza przypadkami wyra\u017anie dopuszczonymi w w\/w ustawie.<\/p>\n<p>W przypadku naruszenia prawa autorskiego, maj\u0105 zastosowanie przepisy ustawy z dnia 4 lutego 1994 r. Prawo autorskie i prawa pokrewne (Dz. U. 1994 Nr 24 Poz 83 z po\u017an. zm.) oraz przepisy Kodeksu cywilnego.<\/p>\n<p>Znaki towarowe, informacje, nazwy lub logo s\u0105 w\u0142asno\u015bci\u0105 ich prawnych w\u0142a\u015bcicieli. S\u0142u\u017c\u0105 jedynie w serwisie w celach informacyjnych.<\/p>\n<p><strong>Zastrze\u017cenia<\/strong><\/p>\n<p><strong>Fundacja Centrum Rozwoju Lokalnego<\/strong> dok\u0142ada wszelkich stara\u0144 aby informacja zawarta na naszej stronie www by\u0142a aktualna i zgodna ze stanem rzeczywistym. Informacja zawarta na stronie nie jest ofert\u0105 w rozumieniu Kodeksu Cywilnego i nie mo\u017ce by\u0107 podstaw\u0105 jakichkolwiek roszcze\u0144 wobec Fundacji Centrum Rozwoju Lokalnego.<\/p>\n<p>W przypadku pyta\u0144 lub w\u0105tpliwo\u015bci zwi\u0105zanych z naszymi za\u0142o\u017ceniami dotycz\u0105cymi prywatno\u015bci i ochrony praw autorskich lub sposobu post\u0119powania z informacjami i ochrony w serwisie internetowym <strong><a href=\"file:\/\/\/I:\/BIURO%20-%202021\/FCRL%20-%20od%202009\/Kopia\/rozwojlokalny\/www.rozwojlokalny.pl\/index.html\">www.rozwojlokalny.pl<\/a><\/strong>, prosimy o kontakt pod adresem <strong><a href=\"&#x6d;&#x61;&#x69;&#x6c;&#x74;&#x6f;&#58;&#102;&#117;&#110;dacj&#x61;&#x40;&#x72;&#x6f;&#x7a;&#x77;&#111;&#106;&#108;&#111;&#107;aln&#x79;&#x2e;&#x70;&#x6c;\">f&#117;&#110;&#x64;&#x61;cj&#97;&#64;&#x72;&#x6f;zw&#111;&#106;&#x6c;&#x6f;ka&#108;&#x6e;&#x79;&#x2e;p&#108;<\/a><\/strong>.<\/p>\n","protected":false},"excerpt":{"rendered":"<p>Fundacja Centrum Rozwoju Lokalnego za wa\u017cn\u0105 warto\u015b\u0107 uznaje relacje z partnerami i go\u015b\u0107mi serwisu internetowego. Naszym celem jest odpowiedzialne u\u017cywanie informacji, kt\u00f3rymi dysponujemy. Bardzo powa\u017cnie traktujemy prywatno\u015b\u0107 naszych klient\u00f3w &#8211; chcemy, aby czuli si\u0119 pewnie, odwiedzaj\u0105c nasz serwis internetowy albo korzystaj\u0105c z naszych us\u0142ug lub ofert. Na naszej stronie internetowej mo\u017cna znale\u017a\u0107 r\u00f3\u017cne us\u0142ugi i &#8230; <a title=\"Polityka prywatno\u015bci\" class=\"read-more\" href=\"https:\/\/www.rozwojlokalny.pl\/?page_id=136\" aria-label=\"Read more about Polityka prywatno\u015bci\">Dowiedz si\u0119 wi\u0119cej<\/a><\/p>\n","protected":false},"author":1,"featured_media":0,"parent":0,"menu_order":0,"comment_status":"closed","ping_status":"closed","template":"","meta":{"footnotes":""},"_links":{"self":[{"href":"https:\/\/www.rozwojlokalny.pl\/index.php?rest_route=\/wp\/v2\/pages\/136"}],"collection":[{"href":"https:\/\/www.rozwojlokalny.pl\/index.php?rest_route=\/wp\/v2\/pages"}],"about":[{"href":"https:\/\/www.rozwojlokalny.pl\/index.php?rest_route=\/wp\/v2\/types\/page"}],"author":[{"embeddable":true,"href":"https:\/\/www.rozwojlokalny.pl\/index.php?rest_route=\/wp\/v2\/users\/1"}],"replies":[{"embeddable":true,"href":"https:\/\/www.rozwojlokalny.pl\/index.php?rest_route=%2Fwp%2Fv2%2Fcomments&post=136"}],"version-history":[{"count":3,"href":"https:\/\/www.rozwojlokalny.pl\/index.php?rest_route=\/wp\/v2\/pages\/136\/revisions"}],"predecessor-version":[{"id":141,"href":"https:\/\/www.rozwojlokalny.pl\/index.php?rest_route=\/wp\/v2\/pages\/136\/revisions\/141"}],"wp:attachment":[{"href":"https:\/\/www.rozwojlokalny.pl\/index.php?rest_route=%2Fwp%2Fv2%2Fmedia&parent=136"}],"curies":[{"name":"wp","href":"https:\/\/api.w.org\/{rel}","templated":true}]}}