{"id":5,"date":"2020-02-27T13:02:22","date_gmt":"2020-02-27T13:02:22","guid":{"rendered":"https:\/\/www.rozwojlokalny.pl\/?page_id=5"},"modified":"2022-10-26T10:54:52","modified_gmt":"2022-10-26T10:54:52","slug":"strona-glowna","status":"publish","type":"page","link":"https:\/\/www.rozwojlokalny.pl\/","title":{"rendered":"Strona g\u0142\u00f3wna"},"content":{"rendered":"<div id=\"welcomeBox\">\n<div id=\"welcomeBoxTxt\">\n<p><img loading=\"lazy\" decoding=\"async\" class=\"aligncenter wp-image-96\" src=\"https:\/\/www.rozwojlokalny.pl\/wp-content\/uploads\/2020\/02\/img_animation.jpg\" alt=\"\" width=\"800\" height=\"417\" srcset=\"https:\/\/www.rozwojlokalny.pl\/wp-content\/uploads\/2020\/02\/img_animation.jpg 528w, https:\/\/www.rozwojlokalny.pl\/wp-content\/uploads\/2020\/02\/img_animation-300x156.jpg 300w\" sizes=\"(max-width: 800px) 100vw, 800px\" \/><\/p>\n<p>Fundacja Centrum Rozwoju Lokalnego jest organizacj\u0105 pozarz\u0105dow\u0105, kt\u00f3rej g\u0142\u00f3wnym celem jest wspieranie rozwoju lokalnego i regionalnego. W ramach swej dzia\u0142alno\u015bci \u015bwiadczy us\u0142ugi doradcze i szkoleniowe dla samorz\u0105d\u00f3w terytorialnych, przedsi\u0119biorstw, rolnik\u00f3w i organizacji pozarz\u0105dowych.<\/p>\n<p>W naszej pracy niezwykle istotne s\u0105 satysfakcja i zadowolenie klient\u00f3w. Dzia\u0142amy z pe\u0142nym profesjonalizmem w oparciu o najlepsze praktyki. Nasi klienci mog\u0105 liczy\u0107 na do\u015bwiadczon\u0105 kadr\u0119 oraz najwy\u017csz\u0105 jako\u015b\u0107 us\u0142ug.<\/p>\n<hr \/>\n<p><img loading=\"lazy\" decoding=\"async\" class=\"alignnone wp-image-149 size-full\" src=\"https:\/\/www.rozwojlokalny.pl\/wp-content\/uploads\/2022\/10\/logo-flaga.jpg\" alt=\"\" width=\"1920\" height=\"250\" srcset=\"https:\/\/www.rozwojlokalny.pl\/wp-content\/uploads\/2022\/10\/logo-flaga.jpg 1920w, https:\/\/www.rozwojlokalny.pl\/wp-content\/uploads\/2022\/10\/logo-flaga-300x39.jpg 300w, https:\/\/www.rozwojlokalny.pl\/wp-content\/uploads\/2022\/10\/logo-flaga-1024x133.jpg 1024w, https:\/\/www.rozwojlokalny.pl\/wp-content\/uploads\/2022\/10\/logo-flaga-768x100.jpg 768w, https:\/\/www.rozwojlokalny.pl\/wp-content\/uploads\/2022\/10\/logo-flaga-1536x200.jpg 1536w\" sizes=\"(max-width: 1920px) 100vw, 1920px\" \/><\/p>\n<p><b>Projekt \u201eNasza Leova\u201d. Wdro\u017cenie modelu partycypacyjnego zarz\u0105dzania rewitalizacj\u0105 miasta Leova w Mo\u0142dawii b\u0119dzie realizowany w terminie od sierpnia do grudnia 2022 r.<br \/>\n<\/b><\/p>\n<hr \/>\n<p>Zosta\u0142 on wybrany jako jeden z najlepszych w konkursie Ministerstwa Spraw Zagranicznych \u201ePolska pomoc rozwojowa 2022\u201d. Celem konkursu w ramach <b>dzia\u0142ania \u201eR\u00f3wne szanse \u2013 zr\u00f3wnowa\u017cone miasta\u201d <\/b>(dzia\u0142anie CZR 11) by\u0142o m.in. wy\u0142onienie najlepszych ofert z propozycjami zada\u0144 publicznych, obejmuj\u0105cych realizacj\u0119 dzia\u0142a\u0144 rozwojowych, kt\u00f3re b\u0119d\u0105 s\u0142u\u017cy\u0142y poprawie jako\u015bci \u017cycia mieszka\u0144c\u00f3w miast poprzez rewitalizacj\u0119 przestrzeni miejskich, modernizacj\u0119 us\u0142ug komunalnych oraz zwi\u0119kszenie udzia\u0142u mieszka\u0144c\u00f3w w zarz\u0105dzaniu przestrzeni\u0105 miejsk\u0105.<\/p>\n<p>Wi\u0119cej informacji na stronie projektu: <strong><a href=\"https:\/\/revitalization.localdevelopment.eu\/\">revitalization.localdevelopment.eu<\/a><\/strong><\/p>\n<\/div>\n<\/div>\n","protected":false},"excerpt":{"rendered":"<p>Fundacja Centrum Rozwoju Lokalnego jest organizacj\u0105 pozarz\u0105dow\u0105, kt\u00f3rej g\u0142\u00f3wnym celem jest wspieranie rozwoju lokalnego i regionalnego. W ramach swej dzia\u0142alno\u015bci \u015bwiadczy us\u0142ugi doradcze i szkoleniowe dla samorz\u0105d\u00f3w terytorialnych, przedsi\u0119biorstw, rolnik\u00f3w i organizacji pozarz\u0105dowych. W naszej pracy niezwykle istotne s\u0105 satysfakcja i zadowolenie klient\u00f3w. Dzia\u0142amy z pe\u0142nym profesjonalizmem w oparciu o najlepsze praktyki. Nasi klienci mog\u0105 &#8230; <a title=\"Strona g\u0142\u00f3wna\" class=\"read-more\" href=\"https:\/\/www.rozwojlokalny.pl\/\" aria-label=\"Read more about Strona g\u0142\u00f3wna\">Dowiedz si\u0119 wi\u0119cej<\/a><\/p>\n","protected":false},"author":1,"featured_media":0,"parent":0,"menu_order":0,"comment_status":"closed","ping_status":"closed","template":"","meta":{"footnotes":""},"_links":{"self":[{"href":"https:\/\/www.rozwojlokalny.pl\/index.php?rest_route=\/wp\/v2\/pages\/5"}],"collection":[{"href":"https:\/\/www.rozwojlokalny.pl\/index.php?rest_route=\/wp\/v2\/pages"}],"about":[{"href":"https:\/\/www.rozwojlokalny.pl\/index.php?rest_route=\/wp\/v2\/types\/page"}],"author":[{"embeddable":true,"href":"https:\/\/www.rozwojlokalny.pl\/index.php?rest_route=\/wp\/v2\/users\/1"}],"replies":[{"embeddable":true,"href":"https:\/\/www.rozwojlokalny.pl\/index.php?rest_route=%2Fwp%2Fv2%2Fcomments&post=5"}],"version-history":[{"count":7,"href":"https:\/\/www.rozwojlokalny.pl\/index.php?rest_route=\/wp\/v2\/pages\/5\/revisions"}],"predecessor-version":[{"id":151,"href":"https:\/\/www.rozwojlokalny.pl\/index.php?rest_route=\/wp\/v2\/pages\/5\/revisions\/151"}],"wp:attachment":[{"href":"https:\/\/www.rozwojlokalny.pl\/index.php?rest_route=%2Fwp%2Fv2%2Fmedia&parent=5"}],"curies":[{"name":"wp","href":"https:\/\/api.w.org\/{rel}","templated":true}]}}