{"id":63,"date":"2020-02-27T14:05:20","date_gmt":"2020-02-27T14:05:20","guid":{"rendered":"https:\/\/www.rozwojlokalny.pl\/?page_id=63"},"modified":"2020-02-27T14:05:20","modified_gmt":"2020-02-27T14:05:20","slug":"wspolpraca-miedzynarodowa","status":"publish","type":"page","link":"https:\/\/www.rozwojlokalny.pl\/?page_id=63","title":{"rendered":"Wsp\u00f3\u0142praca mi\u0119dzynarodowa"},"content":{"rendered":"<p class=\"AkapitzlistCxSpPierwsze\">Fundacja Centrum Rozwoju Lokalnego realizuje mi\u0119dzynarodowe projekty, kt\u00f3rych celem jest rozw\u00f3j regionu poprzez wykorzystanie do\u015bwiadcze\u0144 i wiedzy partner\u00f3w z kraju i zagranicy.\u00a0 Prowadzimy dzia\u0142alno\u015b\u0107 w zakresie zacie\u015bniania wsp\u00f3\u0142pracy przygranicznej pomi\u0119dzy lokalnymi i regionalnymi organizacjami w dziedzinie <span class=\"bodyouter\">kultury, edukacji, turystyki, gospodarki<\/span>.<\/p>\n<p class=\"AkapitzlistCxSpDrugie\">W centrum uwagi Fundacji znajduje si\u0119 <span class=\"bodyouter\">tworzenie warunk\u00f3w dla spo\u0142eczno-gospodarczego rozwoju obszaru granicznego, s\u0142u\u017c\u0105cych podniesieniu poziomu jako\u015bci \u017cycia mieszka\u0144c\u00f3w i\u00a0 integracji region\u00f3w przygranicznych a tak\u017ce rozw\u00f3j wsp\u00f3\u0142pracy handlowej i oko\u0142obiznesowej.<\/span><\/p>\n<p class=\"AkapitzlistCxSpDrugie\">Do wsp\u00f3\u0142pracy zapraszamy przedsi\u0119biorc\u00f3w, przedstawicieli samorz\u0105d\u00f3w lokalnych, kt\u00f3rzy poszukuj\u0105 partner\u00f3w w krajach Unii Europejskiej, Europy \u015arodkowej i Wschodniej.<\/p>\n<p>Jednocze\u015bnie ofert\u0119 kierujemy do partner\u00f3w z kraj\u00f3w Unii Europejskiej, Europy \u015arodkowej i Wschodniej, kt\u00f3rzy chcieliby nawi\u0105za\u0107 wsp\u00f3\u0142prac\u0119 z jednostkami samorz\u0105dowymi i podmiotami gospodarczymi wojew\u00f3dztwa lubelskiego.<\/p>\n<p><strong>Projekty doradcze:<\/strong><\/p>\n<ul>\n<li>Projekt pt.: &#8222;Strategia &#8211; partnerstwo &#8211; inicjatywa. Praktyczne do\u015bwiadczenia Polski w zakresie planowania strategicznego i rozwoju lokalnego&#8221; &#8211; projekt zrealizowany<\/li>\n<\/ul>\n<p><strong>Projekty szkoleniowe<\/strong>:<\/p>\n<ul>\n<li>Projekt pt.: &#8222;Strategia &#8211; partnerstwo &#8211; inicjatywa. Praktyczne do\u015bwiadczenia Polski w zakresie planowania strategicznego i rozwoju lokalnego&#8221; &#8211; projekt zrealizowany<\/li>\n<\/ul>\n<p>&nbsp;<\/p>\n","protected":false},"excerpt":{"rendered":"<p>Fundacja Centrum Rozwoju Lokalnego realizuje mi\u0119dzynarodowe projekty, kt\u00f3rych celem jest rozw\u00f3j regionu poprzez wykorzystanie do\u015bwiadcze\u0144 i wiedzy partner\u00f3w z kraju i zagranicy.\u00a0 Prowadzimy dzia\u0142alno\u015b\u0107 w zakresie zacie\u015bniania wsp\u00f3\u0142pracy przygranicznej pomi\u0119dzy lokalnymi i regionalnymi organizacjami w dziedzinie kultury, edukacji, turystyki, gospodarki. W centrum uwagi Fundacji znajduje si\u0119 tworzenie warunk\u00f3w dla spo\u0142eczno-gospodarczego rozwoju obszaru granicznego, s\u0142u\u017c\u0105cych podniesieniu &#8230; <a title=\"Wsp\u00f3\u0142praca mi\u0119dzynarodowa\" class=\"read-more\" href=\"https:\/\/www.rozwojlokalny.pl\/?page_id=63\" aria-label=\"Read more about Wsp\u00f3\u0142praca mi\u0119dzynarodowa\">Dowiedz si\u0119 wi\u0119cej<\/a><\/p>\n","protected":false},"author":1,"featured_media":0,"parent":0,"menu_order":0,"comment_status":"closed","ping_status":"closed","template":"","meta":{"footnotes":""},"_links":{"self":[{"href":"https:\/\/www.rozwojlokalny.pl\/index.php?rest_route=\/wp\/v2\/pages\/63"}],"collection":[{"href":"https:\/\/www.rozwojlokalny.pl\/index.php?rest_route=\/wp\/v2\/pages"}],"about":[{"href":"https:\/\/www.rozwojlokalny.pl\/index.php?rest_route=\/wp\/v2\/types\/page"}],"author":[{"embeddable":true,"href":"https:\/\/www.rozwojlokalny.pl\/index.php?rest_route=\/wp\/v2\/users\/1"}],"replies":[{"embeddable":true,"href":"https:\/\/www.rozwojlokalny.pl\/index.php?rest_route=%2Fwp%2Fv2%2Fcomments&post=63"}],"version-history":[{"count":1,"href":"https:\/\/www.rozwojlokalny.pl\/index.php?rest_route=\/wp\/v2\/pages\/63\/revisions"}],"predecessor-version":[{"id":64,"href":"https:\/\/www.rozwojlokalny.pl\/index.php?rest_route=\/wp\/v2\/pages\/63\/revisions\/64"}],"wp:attachment":[{"href":"https:\/\/www.rozwojlokalny.pl\/index.php?rest_route=%2Fwp%2Fv2%2Fmedia&parent=63"}],"curies":[{"name":"wp","href":"https:\/\/api.w.org\/{rel}","templated":true}]}}