{"id":67,"date":"2020-02-27T14:07:49","date_gmt":"2020-02-27T14:07:49","guid":{"rendered":"https:\/\/www.rozwojlokalny.pl\/?page_id=67"},"modified":"2025-10-29T08:54:02","modified_gmt":"2025-10-29T08:54:02","slug":"partnerzy","status":"publish","type":"page","link":"https:\/\/www.rozwojlokalny.pl\/?page_id=67","title":{"rendered":"Partnerzy"},"content":{"rendered":"<p>Fundacja Centrum Rozwoju Lokalnego realizuj\u0105c cele statutowe wsp\u00f3\u0142pracuje z partnerami krajowymi i zagranicznymi, z jednostkami samorz\u0105du terytorialnego, organizacjami oko\u0142obiznesowymi oraz organizacjami pozarz\u0105dowymi.<\/p>\n<p><strong>Partnerzy krajowi<\/strong><\/p>\n<ul>\n<li>Do g\u0142\u00f3wnych partner\u00f3w krajowych Fundacji nale\u017c\u0105:<\/li>\n<li>Samorz\u0105d Wojew\u00f3dztwa Lubelskiego<\/li>\n<li>Samorz\u0105dy Powiat\u00f3w i Gmin Wojew\u00f3dztwa Lubelskiego<\/li>\n<li>Stowarzyszenia oraz organizacje przedsi\u0119biorc\u00f3w i pracodawc\u00f3w, w tym w szczeg\u00f3lno\u015bci Lubelski Klub Biznesu oraz Polsko-Bia\u0142oruska Izba Przemys\u0142owo-Handlowa<\/li>\n<li>organizacje rolnicze<\/li>\n<li>organizacje zrzeszaj\u0105ce sektor pozarz\u0105dowy<\/li>\n<li>WYG International Polska<\/li>\n<li>Fundacja \u201eM\u0142oda Demokracja\u201d<\/li>\n<li>Stowarzyszenie Lokalna Grupa Dzia\u0142ania &#8222;Polesie&#8221;<\/li>\n<\/ul>\n<p><strong>Partnerzy zagraniczni<\/strong><\/p>\n<p>Partnerzy zagraniczni Fundacji to g\u0142\u00f3wnie przedstawiciele administracji publicznej oraz organizacji pozarz\u0105dowych z terenu Ukrainy. W ramach planowanych projekt\u00f3w mi\u0119dzynarodowych nawi\u0105zali\u015bmy wsp\u00f3\u0142prac\u0119 z partnerami Obwod\u00f3w: Wo\u0142y\u0144ski i Zakarpacki na Ukrainie.<\/p>\n<p>W szczeg\u00f3lno\u015bci mo\u017cemy si\u0119 poszczyci\u0107 wsp\u00f3\u0142prac\u0105 z:<\/p>\n<ul>\n<li>z administracj\u0105 nast\u0119puj\u0105cych rejon\u00f3w obwodu Wo\u0142y\u0144skiego na Ukrainie (umowy o sta\u0142ej wsp\u00f3\u0142pracy partnerskiej):\n<ul>\n<li>Administracja Rejonowa W\u0142odzimierza Wo\u0142y\u0144skiego<\/li>\n<li>Administracja Rejonu Kiwercywskiego<\/li>\n<li>Rada Rejonu Horohowskiego<\/li>\n<li>\u00a0Rada Rejonu Turyskiego<\/li>\n<\/ul>\n<\/li>\n<li>Urz\u0105d Miasta w \u0141ucku na Ukrainie<\/li>\n<li>Centrum M\u0142odzie\u017cowych Organizacji Spo\u0142ecznych Wo\u0142ynia \u201eNasza Sprawa\u201d w \u0141ucku na Ukrainie<\/li>\n<li>Zwi\u0105zek Rolnik\u00f3w i W\u0142a\u015bcicieli Ziemskich Wo\u0142ynia w \u0141ucku na Ukrainie<\/li>\n<li>Centrum Informacji Europejskiej w \u0141ucku na Ukrainie<\/li>\n<\/ul>\n","protected":false},"excerpt":{"rendered":"<p>Fundacja Centrum Rozwoju Lokalnego realizuj\u0105c cele statutowe wsp\u00f3\u0142pracuje z partnerami krajowymi i zagranicznymi, z jednostkami samorz\u0105du terytorialnego, organizacjami oko\u0142obiznesowymi oraz organizacjami pozarz\u0105dowymi. Partnerzy krajowi Do g\u0142\u00f3wnych partner\u00f3w krajowych Fundacji nale\u017c\u0105: Samorz\u0105d Wojew\u00f3dztwa Lubelskiego Samorz\u0105dy Powiat\u00f3w i Gmin Wojew\u00f3dztwa Lubelskiego Stowarzyszenia oraz organizacje przedsi\u0119biorc\u00f3w i pracodawc\u00f3w, w tym w szczeg\u00f3lno\u015bci Lubelski Klub Biznesu oraz Polsko-Bia\u0142oruska Izba &#8230; <a title=\"Partnerzy\" class=\"read-more\" href=\"https:\/\/www.rozwojlokalny.pl\/?page_id=67\" aria-label=\"Read more about Partnerzy\">Dowiedz si\u0119 wi\u0119cej<\/a><\/p>\n","protected":false},"author":1,"featured_media":0,"parent":0,"menu_order":0,"comment_status":"closed","ping_status":"closed","template":"","meta":{"footnotes":""},"_links":{"self":[{"href":"https:\/\/www.rozwojlokalny.pl\/index.php?rest_route=\/wp\/v2\/pages\/67"}],"collection":[{"href":"https:\/\/www.rozwojlokalny.pl\/index.php?rest_route=\/wp\/v2\/pages"}],"about":[{"href":"https:\/\/www.rozwojlokalny.pl\/index.php?rest_route=\/wp\/v2\/types\/page"}],"author":[{"embeddable":true,"href":"https:\/\/www.rozwojlokalny.pl\/index.php?rest_route=\/wp\/v2\/users\/1"}],"replies":[{"embeddable":true,"href":"https:\/\/www.rozwojlokalny.pl\/index.php?rest_route=%2Fwp%2Fv2%2Fcomments&post=67"}],"version-history":[{"count":1,"href":"https:\/\/www.rozwojlokalny.pl\/index.php?rest_route=\/wp\/v2\/pages\/67\/revisions"}],"predecessor-version":[{"id":68,"href":"https:\/\/www.rozwojlokalny.pl\/index.php?rest_route=\/wp\/v2\/pages\/67\/revisions\/68"}],"wp:attachment":[{"href":"https:\/\/www.rozwojlokalny.pl\/index.php?rest_route=%2Fwp%2Fv2%2Fmedia&parent=67"}],"curies":[{"name":"wp","href":"https:\/\/api.w.org\/{rel}","templated":true}]}}