{"id":69,"date":"2020-02-27T14:10:51","date_gmt":"2020-02-27T14:10:51","guid":{"rendered":"https:\/\/www.rozwojlokalny.pl\/?page_id=69"},"modified":"2020-02-27T14:10:51","modified_gmt":"2020-02-27T14:10:51","slug":"lubelskie-centrum-przedsiebiorczosci","status":"publish","type":"page","link":"https:\/\/www.rozwojlokalny.pl\/?page_id=69","title":{"rendered":"Lubelskie Centrum Przedsi\u0119biorczo\u015bci"},"content":{"rendered":"<p>Lubelskie Centrum Przedsi\u0119biorczo\u015bci \u00a0zosta\u0142o powo\u0142ane w celu wspomagania rozwoju przedsiebiorczo\u015bci w regionie, poprzez dostarczanie nowoczesnych metod, \u015brodk\u00f3w oraz rozwi\u0105za\u0144 biznesowych udoskonalaj\u0105cych strategie prowadzenia przedsi\u0119biorstw i ich dynamiczny rozw\u00f3j.<\/p>\n<p>W sierpniu 2012 roku Fundacja Centrum Rozwoju Lokalnego podpisa\u0142a umow\u0119 \u00a0z Wojew\u00f3dztwem Lubelskim (Lubelsk\u0105 Agencj\u0105 Wspierania Przedsi\u0119biorczo\u015bci &#8211; Instytucj\u0105 Po\u015brednicz\u0105c\u0105 II stopnia) na realizacj\u0119 projektu &#8222;Wsparcie Fundacji Centrum Lokalnego jako instytucji otoczenia biznesu&#8221;. Projekt realizowany b\u0119dzie w okresie wrzesie\u0144 2012 &#8211; czerwiec 2013 roku i dotyczy rozwoju dzia\u0142alno\u015bci Fundacji Centrum Rozwoju Lokalnego m.in poprzez stworzenie kompleksowej oferty wsparcia dla sektora przedsi\u0119biorczo\u015bci na Lubelszczy\u017anie oraz dzia\u0142alno\u015b\u0107 Lubelskiego Centrum Przedsi\u0119biorczo\u015bci.<\/p>\n<p><u><strong>Zapraszamy do zapoznania si\u0119 z nasz\u0105 ofert\u0105 oraz uczestnictwa w organizowanych przez nas Konferencjach.<\/strong><\/u><\/p>\n<p>Kontakt z nami:<\/p>\n<ul>\n<li>Lubelskie Centrum Przedsi\u0119biorczo\u015bci<\/li>\n<li>20-147 Lublin, Al. Sp\u00f3\u0142dzielczo\u015bci Pracy 28, lok. 4<\/li>\n<li>tel.: 81 442 00 15<\/li>\n<li>e-mail: &#98;&#105;&#x7a;n&#101;&#x73;&#x40;r&#111;&#x7a;&#x77;o&#106;&#x6c;&#x6f;k&#97;&#x6c;&#x6e;y&#46;&#x70;&#x6c;<\/li>\n<\/ul>\n","protected":false},"excerpt":{"rendered":"<p>Lubelskie Centrum Przedsi\u0119biorczo\u015bci \u00a0zosta\u0142o powo\u0142ane w celu wspomagania rozwoju przedsiebiorczo\u015bci w regionie, poprzez dostarczanie nowoczesnych metod, \u015brodk\u00f3w oraz rozwi\u0105za\u0144 biznesowych udoskonalaj\u0105cych strategie prowadzenia przedsi\u0119biorstw i ich dynamiczny rozw\u00f3j. W sierpniu 2012 roku Fundacja Centrum Rozwoju Lokalnego podpisa\u0142a umow\u0119 \u00a0z Wojew\u00f3dztwem Lubelskim (Lubelsk\u0105 Agencj\u0105 Wspierania Przedsi\u0119biorczo\u015bci &#8211; Instytucj\u0105 Po\u015brednicz\u0105c\u0105 II stopnia) na realizacj\u0119 projektu &#8222;Wsparcie Fundacji &#8230; <a title=\"Lubelskie Centrum Przedsi\u0119biorczo\u015bci\" class=\"read-more\" href=\"https:\/\/www.rozwojlokalny.pl\/?page_id=69\" aria-label=\"Read more about Lubelskie Centrum Przedsi\u0119biorczo\u015bci\">Dowiedz si\u0119 wi\u0119cej<\/a><\/p>\n","protected":false},"author":1,"featured_media":0,"parent":0,"menu_order":0,"comment_status":"closed","ping_status":"closed","template":"","meta":{"footnotes":""},"_links":{"self":[{"href":"https:\/\/www.rozwojlokalny.pl\/index.php?rest_route=\/wp\/v2\/pages\/69"}],"collection":[{"href":"https:\/\/www.rozwojlokalny.pl\/index.php?rest_route=\/wp\/v2\/pages"}],"about":[{"href":"https:\/\/www.rozwojlokalny.pl\/index.php?rest_route=\/wp\/v2\/types\/page"}],"author":[{"embeddable":true,"href":"https:\/\/www.rozwojlokalny.pl\/index.php?rest_route=\/wp\/v2\/users\/1"}],"replies":[{"embeddable":true,"href":"https:\/\/www.rozwojlokalny.pl\/index.php?rest_route=%2Fwp%2Fv2%2Fcomments&post=69"}],"version-history":[{"count":1,"href":"https:\/\/www.rozwojlokalny.pl\/index.php?rest_route=\/wp\/v2\/pages\/69\/revisions"}],"predecessor-version":[{"id":70,"href":"https:\/\/www.rozwojlokalny.pl\/index.php?rest_route=\/wp\/v2\/pages\/69\/revisions\/70"}],"wp:attachment":[{"href":"https:\/\/www.rozwojlokalny.pl\/index.php?rest_route=%2Fwp%2Fv2%2Fmedia&parent=69"}],"curies":[{"name":"wp","href":"https:\/\/api.w.org\/{rel}","templated":true}]}}

Lubelskie Centrum Przedsiębiorczości

<p>Lubelskie Centrum Przedsiębiorczości  zostało powołane w celu wspomagania rozwoju przedsiebiorczości w regionie, poprzez dostarczanie nowoczesnych metod, środków oraz rozwiązań biznesowych udoskonalających strategie prowadzenia przedsiębiorstw i ich dynamiczny rozwój.</p>
<p>W sierpniu 2012 roku Fundacja Centrum Rozwoju Lokalnego podpisała umowę  z Województwem Lubelskim (Lubelską Agencją Wspierania Przedsiębiorczości &#8211; Instytucją Pośredniczącą II stopnia) na realizację projektu &#8222;Wsparcie Fundacji Centrum Lokalnego jako instytucji otoczenia biznesu&#8221;. Projekt realizowany będzie w okresie wrzesień 2012 &#8211; czerwiec 2013 roku i dotyczy rozwoju działalności Fundacji Centrum Rozwoju Lokalnego m.in poprzez stworzenie kompleksowej oferty wsparcia dla sektora przedsiębiorczości na Lubelszczyźnie oraz działalność Lubelskiego Centrum Przedsiębiorczości.</p>
<p><u><strong>Zapraszamy do zapoznania się z naszą ofertą oraz uczestnictwa w organizowanych przez nas Konferencjach.</strong></u></p>
<p>Kontakt z nami:</p>
<ul>
<li>Lubelskie Centrum Przedsiębiorczości</li>
<li>20-147 Lublin, Al. Spółdzielczości Pracy 28, lok. 4</li>
<li>tel.: 81 442 00 15</li>
<li>e-mail: &#98;&#105;&#x7a;n&#101;&#x73;&#x40;r&#111;&#x7a;&#x77;o&#106;&#x6c;&#x6f;k&#97;&#x6c;&#x6e;y&#46;&#x70;&#x6c;</li>
</ul>

<p>Lubelskie Centrum Przedsiębiorczości  zostało powołane w celu wspomagania rozwoju przedsiebiorczości w regionie, poprzez dostarczanie nowoczesnych metod, środków oraz rozwiązań biznesowych udoskonalających strategie prowadzenia przedsiębiorstw i ich dynamiczny rozwój. W sierpniu 2012 roku Fundacja Centrum Rozwoju Lokalnego podpisała umowę  z Województwem Lubelskim (Lubelską Agencją Wspierania Przedsiębiorczości &#8211; Instytucją Pośredniczącą II stopnia) na realizację projektu &#8222;Wsparcie Fundacji &#8230; <a title="Lubelskie Centrum Przedsiębiorczości" class="read-more" href="https://www.rozwojlokalny.pl/?page_id=69" aria-label="Read more about Lubelskie Centrum Przedsiębiorczości">Dowiedz się więcej</a></p>
